erivative of -b**5/20 - b**4/4 - b**3/3 + 3*b**2/2 - b. Give r(f).
9
Let n(r) = -2 + r - 557*r**3 - 2*r + 556*r**3. Suppose 4 = -5*c + 5*f - 41, f = -4*c - 26. Let p be (0 + 0)*c/21. Determine n(p).
-2
Let j = 9 + -5. Let l be (4/(-8))/(j/8). Let y(s) = 8*s**2 + s. Calculate y(l).
7
Let l(g) = g**3 - 3*g**2 - 5*g - 6. Let i be ((-9)/6)/3*20/(-2). Suppose -2*r + i = -5. Determine l(r).
19
Let y(c) = 2*c + 9. Let d(f) = 14*f**2 - 3*f + 4. Let z be d(2). Suppose -4*x - z = 3*s, s + 5*x = -4*s - 85. Let b = s + 8. Determine y(b).
-3
Suppose -6*c - 6 = -2*w - 2*c, 0 = 5*c. Let y(s) be the first derivative of -s**2/2 - 2*s + 21. Give y(w).
-5
Suppose 0*n + 7 = n + 2*c, 0 = -2*c + 4. Let j(q) = -6*q + 1. Determine j(n).
-17
Let c(u) = 2*u**2 - 3*u + 2. Let i = -43 - -46. Suppose -i*m = 6*m - 36. Determine c(m).
22
Suppose -w - 1 - 2 = 0. Let p(c) = 0*c**2 - 829*c + 0*c**2 + 828*c + 2*c**2. What is p(w)?
21
Suppose -5*x - 45 = 4*c, -9 - 16 = c + 4*x. Let g(u) = -u**3 - 4*u**2 + 6*u + 10. What is g(c)?
5
Let z(a) = -2*a - 19. Let q = -209 + 201. What is z(q)?
-3
Let t(q) = 6*q - 3. Let g(m) = -m**2 + 28*m - 196. Let b be g(12). Calculate t(b).
-27
Let h(o) = 4*o - 1263 + 6*o**2 + o**2 - o**2 - o**3 + 1280. What is h(7)?
-4
Let i(l) = -2*l**2 + 9*l + 5. Let c(a) = a**2 - 11*a - 5. Let y(d) = -3*c(d) - 2*i(d). What is y(-14)?
-9
Let r(d) = d - 3. Let g be 2*(-1 - (-105)/(-6)). Let x = -35 - g. Let m be -7 - (x - 3)/1. What is r(m)?
-9
Suppose 17*a - 48*a = 124. Let r(h) = h + 2. What is r(a)?
-2
Let h(n) = -78*n**2 + 35*n**2 + 45*n**2 - n + 6*n**3. Calculate h(2).
54
Let z(l) = -61 - l**2 + 23 + 35 + 5*l - 2*l - 3*l**2. Let y be ((-4)/5)/((-4)/10). Determine z(y).
-13
Let t(k) = 4*k**3 + 7*k**2 + 6*k - 12. Let p(o) = -5*o**3 - 7*o**2 - 5*o + 12. Let i(b) = 5*p(b) + 6*t(b). What is i(8)?
12
Let m(j) = -2*j**3 + 16*j**2 + 34*j - 33. Let p(h) = h**3 - 8*h**2 - 16*h + 16. Let x(l) = 3*m(l) + 7*p(l). What is x(9)?
4
Let d(q) = 1 - 413*q + 205*q + 209*q. Let l = -3 + 7. Suppose -l*f = 3*o - 8, -5*o = -3*o + 8. What is d(f)?
6
Suppose 3*x + 0*x + 12 = 0. Let k = -1 - x. Let b(l) = -l**3 + 5*l**2 - l + 2. Let p(f) = f**3 - 6*f**2 + f - 3. Let d(a) = k*b(a) + 2*p(a). Determine d(2).
2
Let l be (3/(-10))/((-18)/75)*4. Let d(m) = m**2 - m - 5 + l*m + 3 + m. Calculate d(-6).
4
Suppose x = 3*x - 2. Let o be (2 - 9/3) + x + -1. Let k(q) be the first derivative of q**3/3 + q**2 + 1. Determine k(o).
-1
Let h(u) = -2 - u**2 + 6*u + 2 - 8 - 4. Determine h(4).
-4
Let o(x) be the second derivative of 7*x**3/6 - 13*x**2 - 240*x. Give o(4).
2
Let t(y) = -y**2 - y - 3. Let f be 12/15 - 1/(-5). Suppose -13 = 5*o - 3*x - f, -o - 8 = -2*x. Give t(o).
-3
Let m(z) = -z**2 - 4*z + 3 - 3 - 4 + 10*z + 2. Let n = -2 + 7. Calculate m(n).
3
Let s(g) = -g**3 + 6*g**2 - 3*g - 8. Let n = -502 + 506. Determine s(n).
12
Let y be (112/77)/(16/88). Let d(c) = -2*c**2 + 10*c + 4. Give d(y).
-44
Let x be ((-2)/(-2))/((-1)/5). Let c(s) be the first derivative of s**2/2 + 11*s + 1022. Give c(x).
6
Let k(o) = 4*o**2 - 10*o - 31. Let a be k(-2). Let u(l) = -l**3 + 3*l**2 + 6*l + 7. Determine u(a).
-13
Let d(g) = 2 - 491*g - 491*g + 999*g + 0. What is d(-1)?
-15
Suppose 13*m = 10*m + 9. Let x(z) = 11 + m*z + 9 - 16 + z**2. Calculate x(-5).
14
Let p(c) = 7*c - 158. Let m be p(22). Let q(d) be the second derivative of -d**5/20 - d**4/4 + d**3/3 + 15*d. Calculate q(m).
8
Let k(z) = 9*z**3 + 5*z**2 + 5*z**2 + 0*z - 2*z - 10*z**3 - 31 + 35. Give k(10).
-16
Let i(r) be the first derivative of r**3/3 + 2*r**2 - r + 36. Determine i(-7).
20
Let c(f) = -530*f - 530*f + 1591*f - 532*f. Let l = 5 + -10. Give c(l).
5
Let u be 0 - (2 + -2 - 0). Suppose 12*r - 3 = 11*r. Suppose 15 = r*v - u*n + 5*n, 0 = 2*n. Let d(x) = -x**3 + 6*x**2 - 5*x + 6. Calculate d(v).
6
Suppose 0 = v - h - 1, 2*v + h + 1 = -2*v. Let q(d) = -15 - d + 0*d + 19. Give q(v).
4
Let h(w) = w - 5. Let d be h(-4). Let q = 12 - d. Let x(z) = 21 - q + z**2 + 3*z - z. What is x(-3)?
3
Suppose x - 3*x + 8 = 4*p, 2*x - 6 = -2*p. Let u(n) be the third derivative of -n**6/120 + n**5/20 - n**4/8 + n**3/3 + 5*n**2. Calculate u(x).
0
Let n(s) = s**2 - 10*s + 4. Suppose 0 = 3*p - 3*m - 15, 0 = 2*p - 5*m + 2. What is n(p)?
-5
Let d be 8/(-48) - (-1)/6. Let h(n) = -5*n**3 - 6*n**2 - 6*n + 51. Let b(f) = f**3 + f**2 + f - 10. Let w(y) = 11*b(y) + 2*h(y). Calculate w(d).
-8
Let l(v) = v**3 - 2*v - 13. Suppose 847*t = 845*t. What is l(t)?
-13
Let s(f) = -f**3 + 3*f**2 + 15*f - 25. Let b be s(5). Let t(v) = -v**3 - v - 4. Calculate t(b).
-4
Let g(q) = 0*q**2 + 3*q**2 - 2 - 2*q**2 + q. Let f be g(2). Let s(a) = a**3 - 3*a**2 + 6 - 1 - 6*a**2 + 5*a**2. What is s(f)?
5
Let y(a) be the second derivative of -a**5/20 + a**4/2 + 2*a**3/3 - 5*a**2/2 - 116*a + 2. Give y(6).
19
Let y(m) be the first derivative of -m**2/2 + 4*m - 21. Give y(-14).
18
Let d(n) = n**3 + 7*n**2 + 7*n + 10. Suppose -63 = -29*c - 237. Calculate d(c).
4
Let y(o) = o**2 - 8*o. Let u be y(9). Suppose -u*z + 4 = -5. Let a(r) = -8*r + 1. Give a(z).
-7
Let g(q) = -9*q - 212*q**2 + 6 + 425*q**2 - 211*q**2 - 4. Give g(7).
37
Let r(y) = 3*y. Let g(l) = 2*l - 1. Let d(w) = -2*g(w) + r(w). Give d(8).
-6
Suppose -18 = -h + 4*h. Let g(d) = 7*d**2 + 10*d - 6. Let l(w) = 15*w**2 + 21*w - 12. Let z(y) = h*l(y) + 13*g(y). Calculate z(-6).
6
Let i(t) = -t**2 + t. Let q(p) = -5*p**2 - p - 3. Let f be 2/2*(-2 + 1). Let u(a) = f*q(a) + 2*i(a). Suppose 5*j = 15, w + 4*w - 2*j + 16 = 0. What is u(w)?
9
Let c(j) = -j**3 + 7*j**2 - 5*j - 12. Let n be c(6). Let q(r) = -4*r. Let h(b) be the first derivative of 3*b**2/2 + 1. Let f(w) = -5*h(w) - 4*q(w). Give f(n).
-6
Let p(s) be the first derivative of -11*s**5/120 - s**3/3 - 3. Let d(z) be the third derivative of p(z). Let o be ((-2)/(-6))/(1/3). Calculate d(o).
-11
Let h(x) = -2*x**2 - 12*x - 10. Let q be h(-4). Let g(b) = b**3 - 7*b**2 + 4*b - 3. What is g(q)?
-15
Let v be (-6)/(-2) + (-2)/2. Suppose -v = x + x. Let i(k) = 2*k**2 + 7 + 8*k - 6*k + 3*k**3 - 6. What is i(x)?
-2
Let x(f) = -14*f**2 - 18*f + 22*f + 1 + 8*f**2. Determine x(3).
-41
Let w(u) = u**2 - 4*u - 8. Let b = -34 - -38. Suppose 2*q - 13*d - 41 = -8*d, -2*q = b*d + 4. Determine w(q).
24
Let a(n) = -n - 1. Let q be 42/11 - 50/(-275). Give a(q).
-5
Let l(p) be the third derivative of 7*p**5/30 - 35*p**4/24 + 7*p**3/6 - p**2. Let j(q) = 5*q**2 - 12*q + 2. Let c(t) = -11*j(t) + 4*l(t). Calculate c(8).
6
Let r(y) = 4*y - 2. Suppose 2*a = -3*a. Suppose a*m = 4*m - 12. Calculate r(m).
10
Let w(h) = 3*h**3 + h**2 + 6*h - 7. Let a(z) = 62*z**3 - 7*z + 9 - 1 - z**2 - 64*z**3. Let t(q) = -6*a(q) - 7*w(q). Determine t(-1).
9
Let z(b) = 2*b + 8. Let w be z(-5). Let l(g) be the third derivative of g**5/60 - g**4/8 - g**3/2 + 94*g**2. Give l(w).
7
Suppose 4*s + 4 = -4*c, -5*s = c - 3*s + 4. Let w(m) = -2*m - 1. Determine w(c).
-5
Let j(v) = 10*v**2 - 2*v - 1. Let k be j(1). Let o(b) = 2*b - 4. Calculate o(k).
10
Let d(u) = -u**3 + 4*u - 137. Let p be d(0). Let b = -135 - p. Let q(j) = -5*j. Give q(b).
-10
Let y(c) = -2*c**2 + 19*c - 22. Let q be y(8). Let g(v) = 18960*v**q - 5*v - 18961*v**2 + 4 + 3*v. Calculate g(-4).
-4
Let d(n) be the second derivative of 0 + 7*n + 2*n**2 + 5/6*n**3 + 1/12*n**4. Give d(-6).
10
Let f(o) = -14*o + 2. Let a be (-34)/((-4)/(-7)*14/4). Let r(b) = -5*b + 1. Let y(x) = a*r(x) + 6*f(x). Calculate y(4).
-1
Let q(w) = 2*w - 14. Let y(z) = 5*z**3 + 3*z**2 - 2*z. Let o be y(1). Give q(o).
-2
Let l be (51/4)/(6/16). Let q(g) = -l*g + 22*g + 15*g. Calculate q(-2).
-6
Let u(b) = -2*b**3 + 8*b**2 + b - 4. Let z(i) = i**3 + 10*i**2 + 4. Let q be z(-10). Let s be u(q). Let d(y) = -y**3 + y**2. What is d(s)?
0
Let g be ((-20)/6)/((-7)/(-21)). Let t = 115 + -106. Let k = g + t. Let d(a) = -2*a. Give d(k).
2
Let u(z) be the first derivative of z**3/3 + 13*z**2 + 75*z + 44. Let h be u(-23). Let g(i) = i**2 - 4*i - 8. Determine g(h).
4
Let s(a) = -a**2 + 9*a - 1. Let q be 43 + 1 + (-8)/4. Let l = q - 33. Calculate s(l).
-1
Let z(d) = -d. Suppose -25 + 11 = -7*o. Suppose -o*t - 16 = 2*t. Determine z(t).
4
Let v(u) be the second derivative of -2*u**3/3 - 16*u**2 - 640*u. Give v(-10).
8
Let k(x) be the second derivative of -x**5/20 - 11*x**4/12 - 4*x**3/3 + 166*x. Calculate k(-10).
-20
Let k(v) = -v - 2. L